 s(5)?
-10
Let d(o) be the first derivative of o**4/4 + 7*o**3/3 + 7*o**2/2 + 4*o - 1. Let m be d(-6). Let b(t) = -3 + 3*t**2 + 3 + 2 - 1 + t**3 + 2*t. Determine b(m).
1
Let p(r) be the third derivative of r**6/120 + 7*r**5/60 - 7*r**4/24 - r**3/2 - 19*r**2 - r. Give p(-8).
-11
Let o(q) be the third derivative of q**5/60 - 5*q**4/24 - q**3/6 + 2*q**2. Let k = -6 + 8. Let h = k - -3. What is o(h)?
-1
Suppose 3*v + 2*w - 22 = 0, -5*v - 46 = -10*v - w. Let j(a) = -11 - a + v + 6*a**2 + 1. Suppose 3*q - 4*p = q - 18, p - 3 = 2*q. Give j(q).
5
Suppose -4*f + 8 = -0*f. Let b = 3 + -3. Let k(q) = -q - 5 + 6*q + b*q + q**f. Give k(-5).
-5
Suppose 38*f = 33*f - 30. Let s(l) = 2*l + 9. What is s(f)?
-3
Let h(t) = -t + 1. Let j(n) = -3*n + 4 + 1 - 2. Let w(p) = -4*h(p) + j(p). Give w(4).
3
Suppose -5*t + 20 = 2*p, -5*p + 15 = t - 6*t. Suppose -27 = -4*r + 3*v, -2*r + 11 = -2*v - p. Let c = r - 5. Let y(o) = -3*o**2 - o + 2. Calculate y(c).
-8
Suppose 3*y - q + 4 = 0, -q - 5 = 4*y - 2*q. Let r(j) = j**2 + 2*j + 1. Give r(y).
0
Suppose -o + 40 = 36. Let n(b) = -b**3 + 3*b**2 + 6*b - 5. Calculate n(o).
3
Let u(p) = -p**3 + 6*p**2 - 4*p + 1. Let x(h) = 44*h**3 + 2*h - 1. Let g be x(1). Let a be (4/(-6))/((-6)/g). Determine u(a).
6
Let m(o) be the third derivative of o**5/15 + o**4/12 + o**3/6 - o**2. Calculate m(-1).
3
Suppose 2*i = 3*i - 4*o - 7, o + 2 = 0. Let u(m) = 7*m**3 - m**2 + m + 1. What is u(i)?
-8
Let g(q) = -q**3 - 5*q**2 + 7*q - 2. Let b(p) = -p**3 - 9*p**2 + 9*p - 16. Let s be b(-10). Give g(s).
-8
Let s(f) = 5*f + 2. Suppose -b - 12 = -3*b. Suppose -b = v + 2*v. Calculate s(v).
-8
Let f(z) = 3*z**2 + 4 + 44*z - 4*z**2 - 47*z. What is f(-4)?
0
Let q(y) = y**2 - 4*y + 1. Let i be (-16)/(-6) - 6/9. Suppose -i*u + 16 = 6. What is q(u)?
6
Let k(w) = w**3 + 13*w**2 + 13*w + 13. Let f be k(-12). Let u(s) = -4*s + 1. Calculate u(f).
-3
Suppose x + 5 = -2*o, 3*x + 12 = -o - 3. Let m(q) = 2 - 5*q + 3*q + q + q**3. Let r(g) = g**3 - g + 3. Let v(w) = -3*m(w) + 2*r(w). What is v(o)?
0
Let l be 2/((-180)/87) + 1. Let u(i) be the third derivative of 1/24*i**4 + 0*i + 3*i**2 + 0*i**3 - 1/60*i**6 + 0 - l*i**5. Calculate u(1).
-3
Let u(f) = 5*f**3 + 4*f**2 - 5*f. Let n(a) = -6*a**3 - 4*a**2 + 5*a - 1. Let z(y) = 4*n(y) + 5*u(y). Give z(-5).
-4
Let u(l) = 3*l**2 - 2*l - 3. Let k = 45 + -48. Determine u(k).
30
Let d be (-61)/(-9) - (-10)/45. Let s(c) = -c**3 + 6*c**2 + 7*c. What is s(d)?
0
Suppose -8 = -5*t + 17. Let k(f) = -4*f + 1 - t*f + 0 + 7*f. Determine k(2).
-3
Suppose -3*r + 5 = 5*s + 1, 0 = 5*s + 2*r - 6. Suppose 5*g = -12 + 17. Let j(x) = -x**2 + 2*x - 3. Let k(z) = z**2 - z. Let n(i) = g*j(i) + s*k(i). Give n(3).
6
Let t(y) be the second derivative of -1/2*y**3 - 5*y + 0 + 3*y**2. Give t(4).
-6
Let b(d) be the first derivative of -d**4/4 - d**3/3 + 8*d + 7. Give b(0).
8
Let t(o) be the first derivative of -o**6/72 + o**5/60 - o**4/24 + 2*o**3/3 + 1. Let j(d) be the third derivative of t(d). Calculate j(1).
-4
Suppose -2*x = 3*x - 20. Let u(d) be the second derivative of d**4/12 - 5*d**3/6 - 2*d**2 + 8*d. Give u(x).
-8
Let l be -1 - -3 - -30 - 2. Suppose -l = -2*u - 3*u - 5*t, -3*u + 26 = 5*t. Let f(a) = -a**2 + 3*a - 1. Give f(u).
1
Let b(c) be the first derivative of c**6/360 - c**5/120 - c**4/12 - 4*c**3/3 + 8. Let w(t) be the third derivative of b(t). Calculate w(2).
0
Let z(g) = 2*g - 9. Let c be z(7). Let v(u) = -u**3 - c*u**2 - 3*u**3 + u + 3*u**3 + 5 - 3. Let w = -10 + 5. Calculate v(w).
-3
Let v = 15 - 9. Let d be 6/21 - 24/(-14). Let n(a) = -v + 0 + 3 - a**d. Give n(0).
-3
Let g(f) = -9*f + 1. Let y be (-3 - -2) + 7 + -4. Determine g(y).
-17
Let f(q) be the second derivative of 1/12*q**4 - 3*q + 0 - q**3 + 1/2*q**2. Suppose 3*u + 0*u + 19 = a, -3*a + u = -17. Determine f(a).
-7
Let r(z) = -6*z**2 + 7*z - 9. Let f(q) = 3*q**2 - 4*q + 5. Let u(l) = -11*f(l) - 6*r(l). What is u(-2)?
7
Let a(j) = j**2 + j - 1. Let q(l) = 2*l + 4. Let i(d) = -a(d) - q(d). Suppose 1 = -f + 4. Suppose o - 1 = -f. Give i(o).
-1
Let h(a) be the second derivative of -a**4/12 - 2*a**3/3 + 7*a**2/2 + 6*a. Give h(-6).
-5
Let d(b) = b**2 + 3*b - 4. Let s(g) = -g**2 - 2*g + 3. Let o be s(-4). Calculate d(o).
6
Let a(t) = t**3 - 5*t**2 - 7*t + 4. Let v be -2 + (8 - (1 - 1)). Calculate a(v).
-2
Let b(a) = -7*a**3 + 4*a**2 - 2*a + 5. Let w(x) = x**3 - 1. Let o(n) = -b(n) - 5*w(n). What is o(2)?
4
Let k(f) = f**3 - 4*f**2 - 3*f - 2. Let x(s) = s**3 - 4*s**2 - 2*s - 2. Let q(w) = -5*k(w) + 6*x(w). Calculate q(2).
-4
Suppose -2*q = -q. Suppose -n + 5*x + 5 - 26 = q, -5*n + 3 = 2*x. Let k(l) = -3*l - 1. Calculate k(n).
2
Suppose 0 = 5*v - 5*j, 5*v - 4 + 16 = -j. Let s(a) = 5*a. Give s(v).
-10
Let k(t) be the second derivative of t**5/20 + 5*t**4/12 - 5*t**3/6 - t**2 + 5*t. Calculate k(-6).
-8
Let o(z) = -2*z**3 - 11*z**2 - 10*z + 9. Let j be o(-4). Suppose 6 = 3*w - 0. Let v(i) = w*i - 3*i - i. Determine v(j).
-2
Let c(m) = -m**2 - 4*m - 1. Suppose u = 6*u + 5*q + 35, 0 = 4*u - 4*q + 4. Give c(u).
-1
Let a(s) = 9*s + 9. Let w(t) = -4*t - 4. Let x(d) = 2*a(d) + 5*w(d). What is x(-2)?
2
Let w(l) = 4*l**2 - 2*l + 1. Let r be w(1). Suppose 13 = 2*z - 3*n, 3*z + 3*n = -0*z - r. Suppose -4*y + z*y = 0. Let v(d) = -d**2 + 7. Determine v(y).
7
Suppose n - c = -6*c + 31, -39 = -4*n - 3*c. Let q(p) = -p + 2 - 2*p - n - p**2 + p. Give q(-3).
-7
Let l be -2 + 40/12 - 48/9. Let t(x) = 3*x - 2*x**2 + 2 + 7*x**2 + 2 + x**3. Calculate t(l).
8
Suppose -5*y = -11 + 1. Suppose -y*j - 3 = 1. Let o(h) = -h. Determine o(j).
2
Let k(z) = -z**2. Let y(i) = 4*i**2 - 5*i + 4. Let p(a) = -3*k(a) - y(a). Suppose 10*o - 13*o + 12 = 0. Calculate p(o).
0
Let r(p) = p**3 - 5*p**2 + p + 1. Let t = 16 - 10. Suppose 3*x - t = 9. Let o(z) = z**3 - 4*z**2 - 5*z + 5. Let c be o(x). Determine r(c).
6
Let c = 11 - 6. Let h(x) = -2 - c*x**2 + 3 - 3*x**3 + x + 5*x**2. Suppose 0*q = q + 1. What is h(q)?
3
Let h be ((-2)/(-4))/(3/(-90)). Let p be (-3)/(((-36)/h)/(-4)). Suppose p*t = 2*t. Let w(l) = l**3 - l**2 + l - 4. Give w(t).
-4
Suppose -17 = 2*s + 5*x, 2*x = -s + 5*x + 8. Let u(p) = 6*p - 3. Let q(j) = j. Let f(v) = s*u(v) + 3*q(v). Calculate f(2).
-3
Let w(f) = -5*f**2 - 37*f + 19. Let i = -19 - -28. Let d(s) = -i*s + 8 + 3 - s**2 - 3 - 3. Let p(n) = -9*d(n) + 2*w(n). Give p(6).
-1
Let j(v) = -v**2 - 2*v. Let f be j(2). Let x = -7 - f. Let i(n) = 7*n**2 + 1. Determine i(x).
8
Let b(x) = -3*x + 3*x + 1 - 8*x + 0*x. Suppose 2*d - 20 = -3*d. Suppose 0 = 5*y - 1 - d. What is b(y)?
-7
Let u(n) = -n**2 + 8*n - 3. Let x = 98 + -90. Calculate u(x).
-3
Suppose -5*y - 5 = 0, -y - 3 = -3*d + 2*y. Suppose 8 = -4*n - d. Let l(p) = 3*p - 2. Determine l(n).
-8
Let s be 7 - (4 + (-4 - -3)). Suppose -5*r = -s*r + 3. Let d(a) = -a**2 - 4*a + 1. Give d(r).
4
Suppose 4*k - 3*f - 8 = 0, -f = -k + 4*f + 2. Let j(l) = 4*l**3 - 4 + 3 + 2*l**2 - 3*l**3. Determine j(k).
15
Suppose -25 = 5*o - 10*o. Let q(p) be the second derivative of 6*p + 11/2*p**2 + 0 - 1/6*p**3. Give q(o).
6
Let l(k) = k**3 + k**2 + k - 1. Let a(i) = 4*i**3 + i**2 - 7. Let s(p) = -a(p) + 3*l(p). What is s(4)?
-16
Suppose 3 = -2*r + 9. Let t(j) = r*j**3 + j**3 + 1 + 4*j**2 - 2 - 3*j**2. Determine t(1).
4
Let k(o) be the second derivative of o**4/12 + 5*o**3/3 + 3*o**2 + 8*o. What is k(-9)?
-3
Let q(p) = 2*p + 4. Let m be q(-3). Let o(f) = -7*f. Give o(m).
14
Let x(z) = -5*z**2 + 1671*z + 1 - 1671*z. Suppose -4*s = -3*k + 11, -k + 6*s - 3*s + 7 = 0. Determine x(k).
-4
Let k(s) be the second derivative of -s**4/12 + 9*s**2/2 - s. Let p(t) = -t - t + 9 + 3*t + 0*t**3 + t**3 + 9*t**2. Let x be p(-9). What is k(x)?
9
Let x(s) = s**2 + 7*s + 3. Let z(p) = p. Let q(o) = x(o) - 4*z(o). Give q(-3).
3
Let p(r) = -5 + 4 - 4*r + 2*r + 2. Let o(x) = -x. Let s(q) = 3*o(q) - p(q). Let i be -3 - 2/(-3)*3. Determine s(i).
0
Let i(h) be the first derivative of -1/120*h**6 + 4 + 0*h + 0*h**4 - 1/3*h**3 - h**2 - 1/60*h**5. Let j(b) be the second derivative of i(b). Give j(-2).
2
Suppose 2*y = -0*y. Let m(l) be the third derivative of l**5/60 + l**4/24 - l**3/6 + 20*l**2. Give m(y).
-1
Suppose 0 = -3*w + 6 - 21. Let t(n) = n - 4*n + 2*n. Let k(q) = -q**2 + 4*q - 4. Let v(x) = w*t(x) - k(x). Give v(0).
4
Let d(m) = -20*m - m**3 + 19*m - 5*m + 5*m**2. What is d(4)?
-8
Let s(z) = -z**3 + 12*z